, 251
What are the prime factors of 17505?
3, 5, 389
List the prime factors of 24879.
3, 8293
List the prime factors of 16639.
7, 2377
List the prime factors of 282.
2, 3, 47
List the prime factors of 33215.
5, 7, 13, 73
What are the prime factors of 6118?
2, 7, 19, 23
What are the prime factors of 194?
2, 97
List the prime factors of 2370.
2, 3, 5, 79
List the prime factors of 648.
2, 3
What are the prime factors of 6854?
2, 23, 149
List the prime factors of 2006.
2, 17, 59
What are the prime factors of 4003?
4003
What are the prime factors of 40326?
2, 3, 11, 13, 47
What are the prime factors of 21622?
2, 19, 569
List the prime factors of 2412.
2, 3, 67
What are the prime factors of 3232?
2, 101
List the prime factors of 110.
2, 5, 11
List the prime factors of 1746.
2, 3, 97
What are the prime factors of 574?
2, 7, 41
List the prime factors of 626.
2, 313
List the prime factors of 1273.
19, 67
What are the prime factors of 16491?
3, 23, 239
List the prime factors of 29973.
3, 97, 103
List the prime factors of 16962.
2, 3, 11, 257
List the prime factors of 375.
3, 5
List the prime factors of 88273.
41, 2153
List the prime factors of 12610.
2, 5, 13, 97
List the prime factors of 7592.
2, 13, 73
What are the prime factors of 3314?
2, 1657
List the prime factors of 925.
5, 37
List the prime factors of 2615.
5, 523
List the prime factors of 8599.
8599
What are the prime factors of 65090?
2, 5, 23, 283
What are the prime factors of 68411?
7, 29, 337
List the prime factors of 68513.
131, 523
What are the prime factors of 5421?
3, 13, 139
List the prime factors of 4225.
5, 13
What are the prime factors of 22629?
3, 19, 397
What are the prime factors of 3182?
2, 37, 43
List the prime factors of 12350.
2, 5, 13, 19
What are the prime factors of 104118?
2, 3, 7, 37, 67
List the prime factors of 24879.
3, 8293
What are the prime factors of 134698?
2, 67349
What are the prime factors of 13947?
3, 4649
List the prime factors of 8297.
8297
List the prime factors of 410.
2, 5, 41
What are the prime factors of 5359?
23, 233
List the prime factors of 9502.
2, 4751
List the prime factors of 194.
2, 97
What are the prime factors of 131813?
11, 23, 521
List the prime factors of 2560.
2, 5
What are the prime factors of 1743?
3, 7, 83
What are the prime factors of 1694?
2, 7, 11
What are the prime factors of 4710?
2, 3, 5, 157
List the prime factors of 3418.
2, 1709
List the prime factors of 4517.
4517
What are the prime factors of 448?
2, 7
List the prime factors of 1114.
2, 557
List the prime factors of 32716.
2, 8179
List the prime factors of 3067.
3067
List the prime factors of 5693.
5693
List the prime factors of 51952.
2, 17, 191
What are the prime factors of 87092?
2, 21773
List the prime factors of 430.
2, 5, 43
What are the prime factors of 827?
827
List the prime factors of 6780.
2, 3, 5, 113
What are the prime factors of 3052?
2, 7, 109
What are the prime factors of 26763?
3, 11, 811
What are the prime factors of 31503?
3, 10501
List the prime factors of 3807.
3, 47
What are the prime factors of 2334?
2, 3, 389
What are the prime factors of 408?
2, 3, 17
What are the prime factors of 101717?
7, 11, 1321
List the prime factors of 22414.
2, 7, 1601
List the prime factors of 74787.
3, 97, 257
What are the prime factors of 4084?
2, 1021
List the prime factors of 75258.
2, 3, 37, 113
What are the prime factors of 10979?
10979
What are the prime factors of 1610?
2, 5, 7, 23
List the prime factors of 17389.
17389
What are the prime factors of 649?
11, 59
What are the prime factors of 2658?
2, 3, 443
What are the prime factors of 7545?
3, 5, 503
What are the prime factors of 4758?
2, 3, 13, 61
What are the prime factors of 96069?
3, 31, 1033
What are the prime factors of 20010?
2, 3, 5, 23, 29
List the prime factors of 32211.
3, 1193
What are the prime factors of 38827?
41, 947
What are the prime factors of 35908?
2, 47, 191
List the prime factors of 212.
2, 53
What are the prime factors of 1023?
3, 11, 31
What are the prime factors of 56677?
19, 157
What are the prime factors of 19899?
3, 11, 67
List the prime factors of 1216.
2, 19
List the prime factors of 19417.
19417
List the prime factors of 385.
5, 7, 11
What are the prime factors of 22354?
2, 11177
What are the prime factors of 1437?
3, 479
List the prime factors of 1389.
3, 463
List the prime factors of 13189.
11, 109
What are the prime factors of 33877?
19, 1783
What are the prime factors of 4147?
11, 13, 29
What are the prime factors of 114784?
2, 17, 211
List the prime factors of 1353.
3, 11, 41
What are the prime factors of 124736?
2, 1949
List the prime factors of 8687.
7, 17, 73
List the prime factors of 173.
173
List the prime factors of 1329.
3, 443
List the prime factors of 1349.
19, 71
List the prime factors of 52640.
2, 5, 7, 47
What are the prime factors of 2636?
2, 659
List the prime factors of 843.
3, 281
List the prime factors of 1135.
5, 227
What are the prime factors of 69573?
3, 7, 3313
List the prime factors of 5911.
23, 257
List the prime factors of 119093.
13, 9161
List the prime factors of 84929.
13, 47, 139
What are the prime factors of 1697?
1697
List the prime factors of 4737.
3, 1579
List the prime factors of 56856.
2, 3, 23, 103
List the prime factors of 48.
2, 3
What are the prime factors of 11054?
2, 5527
List the prime factors of 62131.
62131
List the prime factors of 20698.
2, 79, 131
List the prime factors of 1951.
1951
What are the prime factors of 4697?
7, 11, 61
What are the prime factors of 164095?
5, 37, 887
What are the prime factors of 1290?
2, 3, 5, 43
List the prime factors of 2834.
2, 13, 109
List the prime factors of 107.
107
List the prime factors of 1367.
1367
List the prime factors of 2635.
5, 17, 31
What are the prime factors of 957?
3, 11, 29
List the prime factors of 17664.
2, 3, 23
List the prime factors of 20371.
13, 1567
List the prime factors of 168645.
3, 5, 11243
List the prime factors of 6939.
3, 257
What are the prime factors of 30722?
2, 15361
What are the prime factors of 93250?
2, 5, 373
List the prime factors of 4167.
3, 463
List the prime factors of 24457.
37, 661
List the prime factors of 38730.
2, 3, 5, 1291
What are the prime factors of 33238?
2, 16619
List the prime factors of 22267.
7, 3181
What are the prime factors of 1156?
2, 17
List the prime factors of 18.
2, 3
List the prime factors of 40.
2, 5
List the prime factors of 127927.
19, 6733
List the prime factors of 24761.
11, 2251
What are the prime factors of 9393?
3, 31, 101
What are the prime factors of 4613?
7, 659
What are the prime factors of 11164?
2, 2791
List the prime factors of 4631.
11, 421
What are the prime factors of 41627?
41627
What are the prime factors of 16314?
2, 3, 2719
What are the prime factors of 47192?
2, 17, 347
What are the prime factors of 36678?
2, 3, 6113
What are the prime factors of 6111?
3, 7, 97
What are the prime factors of 18323?
73, 251
List the prime factors of 20160.
2, 3, 5, 7
List the prime factors of 2659.
2659
What are the prime factors of 2249?
13, 173
List the prime factors of 96.
2, 3
List the prime factors of 4249.
7, 607
List the prime factors of 117286.
2, 13, 347
What are the prime factors of 6894?
2, 3, 383
What are the prime factors of 4866?
2, 3, 811
List the prime factors of 5019.
3, 7, 239
List the prime factors of 357.
3, 7, 17
List the prime factors of 22594.
2, 11, 13, 79
List the prime factors of 9634.
2, 4817
List the prime factors of 2925.
3, 5, 13
List the prime factors of 5683.
5683
List the prime factors of 178.
2, 89
List the prime factors of 1254.
2, 3, 11, 19
List the prime factors of 120848.
2, 7, 13, 83
List the prime factors of 5149.
19, 271
What are the prime factors of 1602?
2, 3, 89
List the prime factors of 9896.
2, 1237
List the prime factors of 117.
3, 13
What are the prime factors of 51872?
2, 1621
List the prime factors of 16918.
2, 11, 769
List the prime factors of 3082.
2, 23, 67
What are the prime factors of 6805?
5, 1361
List the prime factors of 193.
193
What are the prime factors of 12077?
13, 929
List the prime factors of 2510.
2, 5, 251
List the prime factors of 19607.
7, 2801
What are the prime factors of 353?
353
What are the prime factors of 2056?
2, 257
What are the prime factors of 6352?
